 - 0*t - 2*m. Is t a composite number?
True
Let y = 38 - -51. Is y prime?
True
Let t(u) = u**2 - 3*u - 3. Let w(j) = -3*j**2 + 12*j + 12. Let h(q) = 9*t(q) + 2*w(q). Let s be 1 + 1 + 8/4. Is h(s) a prime number?
False
Is 1/(((-6)/(-61878))/1) a prime number?
True
Suppose 5*m = 4*m + 352. Suppose -2*p = 2*p + 4*i - m, -5*i + 96 = p. Is p prime?
False
Suppose -4*u - 5 = -3*q - 2*q, -5*q + 5 = 2*u. Suppose -2*a + 2*s + 254 = 0, u*s + 4 = -s. Is a prime?
False
Let x = 7 - 2. Suppose x*f - 165 = -0. Is f a composite number?
True
Suppose -465 = -4*d - k, 0*d - 2*d = -k - 225. Is d a composite number?
True
Suppose 0 = -3*v + 55 + 8. Let y be 2 - (1 - 2)*-58. Let x = v - y. Is x composite?
True
Let r(s) = -s. Let u be r(-4). Suppose 179 = u*g + 39. Is g prime?
False
Suppose 5*g = g + 12. Suppose -g*s = 4*y - 139, 2*s - 149 = -s + y. Is s prime?
False
Let d(g) be the second derivative of -19*g**3/2 - g**2 - g. Is d(-1) prime?
False
Let f = 94 - -8. Suppose -4*a = r - a - f, -2*r = 4*a - 214. Let d = -68 + r. Is d a prime number?
False
Let w(s) = s**2 + s - 2. Let l be w(-2). Let d = 5 + l. Let t = 18 - d. Is t a prime number?
True
Suppose 5*b = -0*b. Let i be (156 - 2) + 0/2. Suppose u + u - i = b. Is u a composite number?
True
Let g be (-38)/12 - (-5)/30. Is (-226)/(g - (1 - 2)) composite?
False
Suppose -2*x = -4*l - 0*x - 12, -l - 2*x = 8. Is ((-74)/l)/(2/4) a prime number?
True
Let r be (-69)/9 + 1/(-3). Let t = r + 11. Let v = t + -1. Is v prime?
True
Let o = 7 - 4. Suppose 3*w - 28 = -3*a - 1, 3*a = o*w + 3. Suppose w*l = 4*h - 36, 0 = -3*l - 0*l - 9. Is h composite?
True
Let d(c) = -c. Let o be d(-6). Let x = 43 + o. Is x a prime number?
False
Let y be 32/(-28) + (-1)/(-7). Is (-5)/10*(-1837 + y) a composite number?
False
Let t be -3*(-129)/9*13. Suppose -4*x - 3*n = -717, -5*x + 2*n + t = -2*x. Is x composite?
True
Let r(p) = 106*p**2 + p + 1. Is r(-1) a composite number?
True
Suppose 14 = 3*z + 5. Suppose z*s - 63 = 87. Suppose o + s = 3*o. Is o composite?
True
Let m = 1 - 0. Let r be m + -1 - (7 - 1). Is ((-3)/r)/((-3)/(-114)) composite?
False
Let p = -232 + 855. Is p composite?
True
Suppose -6*m - 1902 = -12*m. Is m composite?
False
Is 0 + (4 - 0) + 175 a prime number?
True
Let q(a) be the second derivative of -61*a**4/12 - a**3/6 + a**2/2 + a. Let s be q(1). Let d = 152 + s. Is d prime?
False
Let k = -2 + 4. Is -3 - -6 - (k - 234) prime?
False
Let m = -1 - -1. Suppose 3*a - 3*f - 81 = 0, 5*f = -m*a - 2*a + 82. Is a prime?
True
Suppose 5*w - 20 = 0, -3*c + w + 21553 = -w. Is c a composite number?
False
Suppose a + 6 = -a. Let m(p) = -p**3 - 4*p**2 - 2*p - 3. Let i be m(a). Let z(h) = -5*h + 4. Is z(i) a prime number?
False
Is (-1)/2 - 1260/(-8) a prime number?
True
Is 7031/9 + 24/(-108) a prime number?
False
Suppose 0 = -3*b - 3*c + 15, 2*c - 18 = b - 4*b. Let r = 0 + b. Let t(y) = y**2 - 5*y - 1. Is t(r) composite?
False
Suppose 1 = -5*y + 21. Let o(v) = 4*v**2 - v**2 + 6*v - 3*v - 3. Is o(y) prime?
False
Let o = -6 - -7. Let z(n) = 148*n**2 + 2*n - 1. Is z(o) composite?
False
Let v = 3999 - 1816. Is v a composite number?
True
Suppose 4*f - 2941 = -2*g + 3683, 0 = 5*f + 3*g - 8281. Is f composite?
True
Suppose b - 12 = -2*b, -60 = -4*y - 5*b. Let a be (-896)/y*(-11 - -6). Is a/3 - 3/9 a prime number?
True
Suppose 0 = k + 6*k - 8799. Is k prime?
False
Let g = -18 + 11. Let x(b) = -29*b. Is x(g) a composite number?
True
Suppose -5*f = u - f - 55, -3*f - 12 = 0. Is u a prime number?
True
Suppose -5*v = 0, -p + 0*v = 2*v + 273. Let u = -164 - p. Is u a prime number?
True
Suppose -2*f = r - 4106, -2*r + 8212 = -3*f - 2*f. Is r a composite number?
True
Let v(r) be the third derivative of r**5/20 + r**4/8 - r**3/2 - 2*r**2. Is v(-4) a prime number?
False
Suppose 0 = -u - 4*h - 8, -3*h - 3 + 0 = 0. Let w = u - -11. Is w a prime number?
True
Let m(g) = 258*g**2 + 2*g - 5. Is m(2) a composite number?
False
Let p = 14 - -69. Is p prime?
True
Let n = 24 + 13. Let z be (-7)/(21/(-162)) + 2. Let q = z - n. Is q composite?
False
Suppose -3*v = 39 + 9. Let c = -5 - v. Is c composite?
False
Suppose 0 = 3*k - d - 377, 0*d + 234 = 2*k - 5*d. Is k a prime number?
True
Let i = 141 + 22. Let a = i - 32. Is a prime?
True
Let v = -11 - -13. Suppose h - 11 = -4*i, -v*i - 23 = 2*h - 3*h. Is h prime?
True
Suppose q + 3*k - 6 = -4, -4*q = -4*k + 24. Let b(o) = -9. Let h(x) = -x**2 + x + 26. Let m(y) = q*h(y) - 11*b(y). Is m(-6) a composite number?
False
Suppose 3*t + 6 = 0, 0*v + 5*t - 6 = -4*v. Suppose -2*f + x = -1, -v*f - 2*x - 2 = -0. Is 121*(-1 + f)*-1 a prime number?
False
Let x(z) be the second derivative of z**3/6 - 7*z**2/2 - 2*z. Let j be x(6). Is (-1 - 1 - -17) + j composite?
True
Is (-1257)/(-9) - 4/6 a prime number?
True
Let v = -25 - -16. Let o(j) = -7*j + 1. Let t(d) = 6*d - 1. Let y(i) = -2*o(i) - 3*t(i). Is y(v) a prime number?
True
Let c = 107 - 74. Is c a prime number?
False
Let x be (-3)/(-9) + (-3867)/(-9). Suppose f = -f + x. Is f a prime number?
False
Suppose -50 = -0*g + 2*g. Let n be 15*4/(-40)*4. Let r = n - g. Is r composite?
False
Suppose 4*f + 3*b - 3 = 116, -4*f - b = -109. Is f prime?
False
Let h be ((-17)/(-1))/(-3 + 4). Suppose h = -4*d - 11. Is 378/8 - d/(-28) a prime number?
True
Let c(t) be the first derivative of 2*t + 1/2*t**2 - 3. Is c(5) prime?
True
Let i be (-2 + 1)*(0 + 0). Suppose -4*f + l = -9*f - 35, 4*f + l + 29 = i. Is (0 - -39)*f/(-9) a composite number?
True
Let a = -61 + 87. Is a/(-4)*(-4 - 0) a composite number?
True
Is (16546/12 - 5/(-30))/1 composite?
True
Let f be 0/1*1/2. Suppose b + 9 = -4*l + 8*l, f = -4*l + 5*b - 3. Suppose 0 - 50 = -2*p + 2*x, l*p = x + 67. Is p a prime number?
False
Suppose -b + 123 = -4*d, -2*b + 45 = 3*d - 179. Is b a composite number?
True
Suppose -4*w - 3*f = -6*f - 15, -2*w = 2*f - 4. Suppose w*s + 71 = 182. Is s prime?
True
Suppose -11*d + 2170 = -2703. Is d composite?
False
Suppose 4*r - 11 + 3 = 0. Suppose -410 = -2*k + 2*z, -k + r*z = 3*z - 201. Is k prime?
False
Suppose -6*r + 10*r = 140. Is r composite?
True
Let m(c) = -c**3 + 2*c**2 - c. Let t be m(1). Is (1 - t)/(6/534) a prime number?
True
Is 1/(-2*2/(-232)) prime?
False
Let z = 214 - 59. Is (z/(-10))/((-2)/4) a composite number?
False
Suppose 4*o + 13 + 333 = 2*p, 0 = 5*p - 3*o - 844. Suppose 4*s + 2*v - p = 167, -5*s + v = -414. Is s a prime number?
True
Suppose k + 130 = -571. Let h = -450 - k. Is h prime?
True
Suppose 0 = -5*j + 10, -4*j = -2*f - 199 + 2379. Is f prime?
False
Let o(f) = f**2 + 10*f - 3*f**3 + 7*f**2 - 8 + 2*f**3. Let l be o(9). Is 1/((-22)/23 + l) prime?
True
Let l = 112 + -68. Suppose -4*q + 5*h + 143 = l, q - h = 26. Suppose 0 = 2*z - z - q. Is z composite?
False
Let j = 7 + -12. Let g be ((-2)/j)/((-3)/(-15)). Let i(c) = c**3 - 1. Is i(g) prime?
True
Let n = 3517 - 1960. Is n/7 - (-40)/70 a composite number?
False
Suppose 0*t - 12 = -h - 3*t, -5*h + 44 = -t. Is h prime?
False
Let s(n) = 7*n**2 - 3*n - 1. Is s(-2) prime?
False
Let i(t) = -t**3 - 5*t**2 + t. Let y be (-6 - -2) + 0 + -1. Let o be i(y). Let q(z) = -11*z - 6. Is q(o) prime?
False
Let l be (-3 + 2)*(1 - 3). Is ((-10)/(-15))/(l/771) prime?
True
Let x(o) = o**3 - 7*o**2 + 6*o - 5. Suppose 5*c = -2*k + 37, -k = 3*c + 3*k - 25. Is x(c) prime?
True
Let i(d) = 4*d**2 - 11*d + 2. Is i(21) prime?
False
Let d = -25 - 20. Is d/(-6)*2 - 2 a composite number?
False
Let n(g) = -g**2 + 9*g + 4. Suppose 6 = 5*j - 24. Is n(j) composite?
True
Let x(h) = 5*h**3 + h**2 + h - 7. Let b(u) = 2*u**3 + u - 4. Let f(z) = 7*b(z) - 3*x(z). Suppose -27 - 3 = 5*t. Is f(t) composite?
True
Let h(a) = -16*a**3 - 2*a**2 - a. Let t be h(-1). Suppose 3*j - 3 = -6, -4*l - j = -t. Let b(c) = 2*c**3 - 4*c**2 + c - 1. Is b(l) composite?
False
Let x = -521 - -792. Is x a composite number?
False
Let h(i) = i - 9. Let j be h(5). Let s be j/(-2) + (-2 - -1). Is (0 - 1 - -114)*s composite?
False
Suppose -3*a + 102 = -1017. Is a a composite number?
False
Let o(w) = -54*w - 4. Let a be o(-7). Is 1*(-3 + a) - -2 a composite number?
False
Is (-36 - 2/2)/((-1)/11) a composite number?
True
Let h be (-2 + (-36)/(-8))*(-36)/(-10). Suppose -3*q + 70 = -q. Let n = q - h. Is n prime?
False
Let f(d) = -363*d - 4. Is f(-5) a composite number?
False
Let n(m) be the third derivative of m**6/120 + m